?
8
Let d(p) = 3*p**2 - 72*p - 6862. What is the tens digit of d(-68)?
0
Let y = 28111 + -18132. What is the hundreds digit of y?
9
Let v(d) = -d**3 - 6*d - 14. Let t = 93 - 84. Suppose 4*a + 3*o = -t, 5*a = o - 0*o - 35. What is the tens digit of v(a)?
3
Suppose -u = 5*k - 0*u - 38, 3*k - 5*u = 6. Suppose 2*d = -3*b - 3*d + 27, d = -b + k. What is the units digit of 96/14*70/b?
0
Let i(z) = -15*z + 12*z**2 + 8 + 29*z - 15*z + z**3. Let u be i(-12). What is the tens digit of 31*(-5)/u*-4?
3
Suppose 0 = -339*o + 336*o - n + 59341, -3*o + 4*n = -59306. What is the tens digit of o?
7
Suppose -41*k + 246850 = -48842. What is the hundreds digit of k?
2
Suppose 6*r - 20 = 11*r. Let j be 0/(r + 6 - 1). What is the units digit of (1 + j)/(18/216)?
2
Suppose -21*i + 15*i + 102 = 0. Let z = i - 14. Suppose -4*k - 346 = -3*c, -3*c + 2*c + z*k = -122. What is the units digit of c?
0
Suppose -6*r + 11*r = f + 28702, 22952 = 4*r + 4*f. Suppose 4*x = 4*o + r, -x - x + 4*o = -2880. What is the units digit of x?
0
Let z be (-36)/(-10) - (68/(-20) - -3). Suppose -z*l + d = -1104 - 778, 5*l - 2360 = 5*d. What is the tens digit of l?
7
Let y(b) be the first derivative of 7*b**5/30 + b**4/24 + b**3/3 + 12*b**2 + 39. Let a(c) be the second derivative of y(c). What is the tens digit of a(1)?
1
Suppose 37*z = 55*z + 22374. Let n = -578 - z. What is the units digit of n?
5
Let z(f) be the third derivative of 7*f**5/15 + 7*f**4/8 - f**3/2 + 10*f**2 - 3. What is the units digit of z(-6)?
9
Suppose 5*v + 2*g = 74, 0*v + v = -5*g + 1. Suppose -r + j - 5*j = v, -2*j - 8 = -3*r. What is the hundreds digit of (-22)/((-63)/30 + 2) + r?
2
Let s = -27 + 31. Suppose 0 = s*a + 51 - 523. Suppose 5*p - a = -5*q + 202, 5*q - 5*p = 270. What is the units digit of q?
9
Let v = -21 + 19. Suppose -5 = 2*c - 17. What is the units digit of v + (-62)/(-6) + c/9?
9
Let k(v) = -22*v - 5. Let c be k(4). Suppose 3*r - 594 = -39. Let f = c + r. What is the units digit of f?
2
Let u(x) be the third derivative of 7*x**5/60 + 7*x**4/24 - 38*x**3/3 - 28*x**2. What is the hundreds digit of u(-11)?
6
Let v = 87 - -41. Suppose -v*d + 215 = -123*d. Suppose d = 3*b - 128. What is the tens digit of b?
5
Let x(m) = -19*m**3 + 3*m**2 + 6*m - 9. Let r(l) = 39*l**3 - 7*l**2 - 12*l + 18. Let p(o) = -4*r(o) - 9*x(o). What is the units digit of p(2)?
1
Suppose 41 = -7*v - 470. Suppose -5*h + 19 = -2*c, 0*c = -3*c - 3*h - 60. Let b = c - v. What is the tens digit of b?
5
What is the hundreds digit of (24 - 25)*-5393*1?
3
Suppose 2*r = -51*r + 1103619. What is the hundreds digit of r?
8
Let f(d) = 2*d**2 - 25*d - 15. Let m be f(19). Suppose 148 = j - m. What is the tens digit of j?
8
Let w = 1997 - -429. What is the units digit of w?
6
Suppose -3922200 = -86*i - 64*i. What is the tens digit of i?
4
Suppose -6*b - 57 = -309. Suppose -43*k + 544 = -b*k. What is the units digit of k?
4
Let a(b) = -2*b**3 - 16*b**2 - b - 8. Let f be a(-8). Suppose -6510 = -f*z - 14*z. What is the units digit of z?
5
What is the units digit of ((-2408)/70)/(3/(-285))?
8
Suppose 241*t + 492299 + 24051 = 291*t. What is the units digit of t?
7
Let o be 182/(-42) + (-2)/3. Let p be (-2 - o - 1)/(-2 + 1). Let c(i) = -22*i - 18. What is the tens digit of c(p)?
2
Let w = -291 - -192. Let v = w - -154. Suppose 34 + v = t. What is the tens digit of t?
8
Suppose -18 = 7*l - 10*l. Let j be (9/(-6) - 1*-2)*l. Suppose -j*q - 29 = 4*b - 145, -3*b = -6. What is the units digit of q?
6
Let f = -262 - -262. Suppose -5*j = -5*p - 615, f = j + 3*j + p - 507. What is the hundreds digit of j?
1
What is the units digit of 2 - 5 - -7 - (-214)/(-4)*-354?
3
Let o(r) = r**3 - r**2 - 18*r + 18. Let d be o(12). Suppose -798 = 9*p - 5145. Suppose p = 7*c - d. What is the units digit of c?
7
Suppose -68*k + 65*k + 12 = 0. Suppose -k*b = v - 270 + 35, 2*v - 170 = -3*b. What is the units digit of b?
0
What is the units digit of 2 + -7 - (12 - 60295 - 3)?
1
Let h be (6/(-4))/((-2015)/500 - -4). Let p = h - 45. Suppose 0*o + 3*o = -p*r + 216, 5*r + o - 212 = 0. What is the tens digit of r?
4
Let v(r) = -r**2 + 83*r - 74. What is the units digit of v(70)?
6
Let q(b) = -b**3 + 13*b**2 - 31*b - 38. Let h be q(10). What is the hundreds digit of 2/((-3)/298*64/h)?
1
Let c(v) = 5*v**2 - 18*v + 39. Let g(o) = -6*o - 29. Let y be g(-6). What is the tens digit of c(y)?
5
Let a(t) = 2*t**2 + 54*t + 555. What is the hundreds digit of a(-62)?
8
Suppose 5*n - 2999 = 3*y - 0*y, 0 = -2*n - 5*y + 1181. Let w = n + -70. What is the hundreds digit of w?
5
What is the thousands digit of 3/((-321897)/(-22992) - 14)?
7
Let p(b) = 3*b + 21. Let k be p(-10). Let i be (k*2/(-6))/((-9)/(-6)). Suppose n + i*f - 96 = 3*f, -3*n - 3*f + 312 = 0. What is the tens digit of n?
0
What is the units digit of 16 + (-18 - -15) + 10490?
3
Let c(k) = 94*k**2 + 3*k + 2. Let z(l) = 94*l**2 + 3*l + 1. Let h(b) = -2*c(b) + 3*z(b). Let v be (1/(-2))/(10 - (-57)/(-6)). What is the units digit of h(v)?
0
Let w = 10397 - 4367. What is the thousands digit of w?
6
Let c(p) = -10*p + 4. Let i(l) = 20*l - 9. Let d(a) = -5*c(a) - 2*i(a). Suppose -1198*n + 1212*n - 70 = 0. What is the tens digit of d(n)?
4
Let x(d) = -52*d**2 + 16*d + 25. Let w(l) = l**2 - 5*l - 7. Let t(c) = -3*w(c) - x(c). Suppose p = 4*p + 6. What is the units digit of t(p)?
4
Let l(a) = -9 + 71*a - 13*a + 13*a. What is the hundreds digit of l(4)?
2
What is the tens digit of 35/((-1)/((169 - 0)*-1))?
1
Suppose 0*j = 5*j + 5, 3*p = -2*j - 2837. Let x = p - -558. What is the units digit of 1/(-3)*x/1?
9
Suppose -5*x = -a - 7057, 2*x - a - 2827 = -2*a. What is the tens digit of x?
1
Let b(a) = -115*a - 106. Let r be b(21). Let y = r + 3642. What is the hundreds digit of y?
1
Let n be 1/((4258/710 - 4) + -2). Let i = n + 616. What is the units digit of i?
1
Let j = 25832 - 15206. Suppose 20*x - j = -x. What is the hundreds digit of x?
5
Suppose 7*b + 0 - 105 = 0. Let c be b + 0 - (-6 - -1). Suppose 6*y - c = 130. What is the tens digit of y?
2
Let m(l) = -220*l. Let i(h) = 13*h. Let u(p) = -104*i(p) - 6*m(p). What is the hundreds digit of u(-5)?
1
Suppose -11437 + 2461 = -17*o. Suppose 137*h + o = 141*h. What is the hundreds digit of h?
1
Suppose -18*u = 8*u - 6*u - 51520. What is the hundreds digit of u?
5
Suppose 137*v - 133*v = 18056. What is the hundreds digit of v?
5
Let p(f) = f**3 - 3*f**2 + 7*f - 5. Let v be p(4). Let s be (-110)/4*(1 - 3). Let y = s - v. What is the tens digit of y?
1
Let m(a) = 3*a**2 + a + 65. What is the hundreds digit of m(10)?
3
Let h(c) = -2*c**2 - 13*c + 2. Let l be h(-6). What is the units digit of 1 + l/(-10) + (-5037)/(-15)?
6
Let p(b) = -b + 26. Let w be p(-15). Suppose 2*l - 235 = -w. Suppose l + 41 = 2*v. What is the tens digit of v?
6
Let u(c) = -c**3 + 35*c**2 + 2*c + 384. What is the hundreds digit of u(17)?
6
Suppose 476 = -5*d - 49. Let m = d - -273. Suppose -5*f - 196 = -u - 44, -u + m = -f. What is the hundreds digit of u?
1
Suppose -4*n - 289 = -305. Suppose 5*v + d = 4464 + 88, n*d - 3632 = -4*v. What is the hundreds digit of v?
9
Let a(s) = s + 4. Let z be a(-6). Let l be 216 + 0 - (2 - z). Suppose 4 = -u, 4*q - u = 3*u + l. What is the units digit of q?
9
Let h = -606 + 1021. Let w = 242 - h. Let u = w - -285. What is the hundreds digit of u?
1
Suppose 4*f + 18 = 174. Suppose f = 5*q + 8*q. Suppose 87 = q*p + 24. What is the tens digit of p?
2
Let j(c) = 2245*c**2 - 62*c - 63. What is the thousands digit of j(-3)?
0
Suppose -5*i = 5, -g + 2*i - 153 - 28 = 0. Let o = g + 401. What is the hundreds digit of o?
2
Let q = -42 + 41. Let m(j) = -42*j**3 - 2*j**2 - 2*j. Let s be m(q). Suppose 4*i = 2*i + s. What is the units digit of i?
1
Let x be 43/15 + 8/60. Suppose -14 = -5*q + 3*l + 1, -q = x*l - 3. Suppose 5*w + 3*d - 874 = 0, -q*d - 356 = -2*w - d. What is the hundreds digit of w?
1
Let d(y) = -y**2 - 8*y + 37. Let z be d(-13). What is the units digit of z/5*(-1 + (-412)/8)?
4
Let n(g) be the second derivative of g**5/10 + 5*g**4/12 + g**3/3 - 7*g**2/2 + 3*g. Let w be n(-3). Let x = w + 116. What is the tens digit of x?
9
Suppose 2*j + 22125 = 3*j - m, -22133 = -j + 5*m. What is the tens digit of j?
2
Let l(t) = 5*t**2 - 166*t + 67. Let w(s) = -s**2 + 31*s - 1. Let j(a) = -l(a) - 6*w(a). Let x be 346/